{"id":2246,"date":"2024-09-24T23:20:41","date_gmt":"2024-09-24T23:20:41","guid":{"rendered":"http:\/\/apescolasdobonfim.pt\/?page_id=2246"},"modified":"2024-09-24T23:23:15","modified_gmt":"2024-09-24T23:23:15","slug":"apresentacao","status":"publish","type":"page","link":"https:\/\/apescolasdobonfim.pt\/?page_id=2246","title":{"rendered":"Apresenta\u00e7\u00e3o"},"content":{"rendered":"\t\t<div data-elementor-type=\"wp-page\" data-elementor-id=\"2246\" class=\"elementor elementor-2246\">\n\t\t\t\t<div class=\"elementor-element elementor-element-6d3ec0e e-flex e-con-boxed e-con e-parent\" data-id=\"6d3ec0e\" data-element_type=\"container\">\n\t\t\t\t\t<div class=\"e-con-inner\">\n\t\t\t\t<div class=\"elementor-element elementor-element-2844286 elementor-widget elementor-widget-text-editor\" data-id=\"2844286\" data-element_type=\"widget\" data-widget_type=\"text-editor.default\">\n\t\t\t\t<div class=\"elementor-widget-container\">\n\t\t\t\t\t\t\t\t\t<p><strong>Associa\u00e7\u00e3o de Pais para qu\u00ea? Quais os seus objetivos?<\/strong><\/p><p>As associa\u00e7\u00f5es de pais visam a defesa e a promo\u00e7\u00e3o dos interesses dos seus associados em tudo quanto respeita \u00e0 educa\u00e7\u00e3o e ensino dos seus filhos e educandos que sejam alunos da educa\u00e7\u00e3o pr\u00e9-escolar ou dos ensinos b\u00e1sico ou secund\u00e1rio, p\u00fablico, particular ou cooperativo.<br \/>Pretendem:<br \/>&#8211; Desenvolver a\u00e7\u00f5es em conjunto com professores e dire\u00e7\u00f5es das escolas, de forma a promover a forma\u00e7\u00e3o dos pais, das crian\u00e7as e dos jovens.<br \/>&#8211; Promover atividades de apoio \u00e0 fam\u00edlia e a sua participa\u00e7\u00e3o na vida escolar dos seus educandos.<br \/>&#8211; Colaborar com todos os intervenientes no processo educativo de forma a aumentar as possibilidades de sucesso escolar dos alunos, devendo essa colabora\u00e7\u00e3o ser rec\u00edproca podendo revestir-se de m\u00faltiplas formas.<br \/>(cita\u00e7\u00e3o: Confedera\u00e7\u00e3o Nacional das Associa\u00e7\u00f5es de Pais)<\/p><p><strong><span style=\"font-family: var( --e-global-typography-text-font-family ), Sans-serif; text-align: var(--text-align); font-size: 0.875rem;\">O que nos motiva?<\/span><\/strong><\/p><p>Os Pais e Encarregados de Educa\u00e7\u00e3o fazem parte ativa da Comunidade Educativa, quer no esp\u00edrito, quer na forma, sendo os Alunos, o centro e a \u00fanica raz\u00e3o de ser da exist\u00eancia de qualquer Escola.<br \/>A cultura, o desporto, a ci\u00eancia, as artes em geral e a motiva\u00e7\u00e3o para a interven\u00e7\u00e3o c\u00edvica, a cidadania, s\u00e3o fatores determinantes na forma\u00e7\u00e3o de cidad\u00e3os cr\u00edticos, com capacidade de pensar, escolher e agir, que t\u00eam que ser assumidos.<\/p><p>Desta forma, a <strong>Associa\u00e7\u00e3o de Pais e Encarregados de Educa\u00e7\u00e3o do Agrupamento de Escolas do Bonfim,<\/strong> foi constitu\u00edda em 2012 como um grupo de trabalho ao servi\u00e7o de todos e para bem de todos.<\/p><p>No \u00faltimo ano letivo (2018\/2019) o Agrupamento do Bonfim representou um universo de aproximadamente 1600 alunos entre o Jardim de Inf\u00e2ncia e o Ensino Secund\u00e1rio o que representar\u00e1 cerca de 3000 pais.<\/p>\t\t\t\t\t\t\t\t<\/div>\n\t\t\t\t<\/div>\n\t\t\t\t\t<\/div>\n\t\t\t\t<\/div>\n\t\t\t\t<\/div>\n\t\t","protected":false},"excerpt":{"rendered":"<p>Associa\u00e7\u00e3o de Pais para qu\u00ea? Quais os seus objetivos? As associa\u00e7\u00f5es de pais visam a defesa e a promo\u00e7\u00e3o dos interesses dos seus associados em tudo quanto respeita \u00e0 educa\u00e7\u00e3o &#8230;<\/p>\n","protected":false},"author":1,"featured_media":0,"parent":0,"menu_order":0,"comment_status":"closed","ping_status":"closed","template":"","meta":{"footnotes":""},"class_list":["post-2246","page","type-page","status-publish","hentry"],"_links":{"self":[{"href":"https:\/\/apescolasdobonfim.pt\/index.php?rest_route=\/wp\/v2\/pages\/2246","targetHints":{"allow":["GET"]}}],"collection":[{"href":"https:\/\/apescolasdobonfim.pt\/index.php?rest_route=\/wp\/v2\/pages"}],"about":[{"href":"https:\/\/apescolasdobonfim.pt\/index.php?rest_route=\/wp\/v2\/types\/page"}],"author":[{"embeddable":true,"href":"https:\/\/apescolasdobonfim.pt\/index.php?rest_route=\/wp\/v2\/users\/1"}],"replies":[{"embeddable":true,"href":"https:\/\/apescolasdobonfim.pt\/index.php?rest_route=%2Fwp%2Fv2%2Fcomments&post=2246"}],"version-history":[{"count":4,"href":"https:\/\/apescolasdobonfim.pt\/index.php?rest_route=\/wp\/v2\/pages\/2246\/revisions"}],"predecessor-version":[{"id":2250,"href":"https:\/\/apescolasdobonfim.pt\/index.php?rest_route=\/wp\/v2\/pages\/2246\/revisions\/2250"}],"wp:attachment":[{"href":"https:\/\/apescolasdobonfim.pt\/index.php?rest_route=%2Fwp%2Fv2%2Fmedia&parent=2246"}],"curies":[{"name":"wp","href":"https:\/\/api.w.org\/{rel}","templated":true}]}}